/(-26) - (-12)/78. Suppose -2*o = -d*o - 21. Is w(o) prime?
True
Let w = 38230 - 21351. Is w prime?
True
Let q = 11 - 1. Let z = q - 6. Suppose -z*m - 3*y + 110 = -47, 3*m - 3*y = 102. Is m composite?
False
Suppose -m + 1321 = -2*b, -2*m + b = -3*m + 1318. Is m composite?
False
Let f be -2*(2 + (-126)/4). Let s = f - 38. Suppose 2*p = 17 + s. Is p a composite number?
False
Suppose 2*f = -3*f + 2015. Is f composite?
True
Suppose 4*l - 24*l + 8860 = 0. Is l prime?
True
Suppose -a + 93 = 4*f, 0*a + 44 = 2*f - 2*a. Let g = 3 - 1. Let q = f - g. Is q a prime number?
False
Let u = 62 + 203. Is u a composite number?
True
Let v(l) = l**2 + 10*l - 7. Is v(-14) a prime number?
False
Suppose -3*k = -3*v - 5232, 2*v + 0*v - 6946 = -4*k. Is k prime?
False
Let s = -855 + 1200. Suppose -b + s = 2*b. Is b a prime number?
False
Let y be (-1 - -1)*1 + 4. Suppose y*n + 123 - 35 = 0. Let q = 59 + n. Is q a prime number?
True
Is (-5 + 4)/(2/(-586)) a prime number?
True
Let f = 272 - 175. Is f a prime number?
True
Suppose -5*j = -5*s - 2060, -j + 5*j + 5*s - 1603 = 0. Is j composite?
True
Let b(q) = -2*q + 1. Let o = 2 - 9. Is b(o) composite?
True
Suppose -4*v + 24 = 2*b + 2*b, 0 = -5*b - 4*v + 28. Suppose b*a - 9 = 27. Let s = a + 13. Is s a composite number?
True
Let d be (2 + -1 - 0)*3. Is d*4/(-3) + 95 a prime number?
False
Suppose 3 = 4*p + 15, 9 = 4*b - 3*p. Suppose b = 4*k - 8, n - 2*n + 780 = -3*k. Is n/4*4/6 composite?
False
Suppose 4*a - 5197 = -3*b, b + 5203 = 4*a - 2*b. Let k = 2273 - a. Is k composite?
True
Let n(r) = r**2 - 14*r + 19. Suppose -2*s + 13 = -s. Is n(s) a composite number?
True
Let o be 7 - (0/(-1) + 3). Suppose -o*m + 52 = -0*m. Is m a prime number?
True
Suppose 4*d - 3440 - 2076 = 0. Is d prime?
False
Let m = 3 - 10. Let d(q) = q + 6. Let y be d(m). Is (y/2)/((-1)/52) prime?
False
Let c be 1 + 4 - (0 + 1). Let h(l) = l**3 + 3*l**2 - 3*l - 5. Is h(c) prime?
False
Let o be (-171)/54 - 2/(-12). Let d be (1 + o)/(-5 - -6). Is 2/(-3)*129/d a prime number?
True
Let d(q) = 5*q**3 + 10*q**2 - 3*q - 9. Let g(k) = -10*k**2 - 4*k**3 + k + 4*k - k + 8. Let r(l) = 5*d(l) + 6*g(l). Is r(9) a composite number?
False
Let z(q) = 3*q**2 - 5*q + 6. Let c be (-4)/10 - 69/15. Let s be 6/c*(-50)/15. Is z(s) a composite number?
True
Suppose 2*q = 250 + 88. Is q prime?
False
Let y(p) = -54*p - 1. Suppose -3*c + 12 = -3*k, 0*c + c + 14 = -5*k. Is y(k) a composite number?
True
Is 1/3 - 92/(-3) composite?
False
Suppose -8 = -5*i + 3*i. Suppose i*c - 56 = 28. Is c a composite number?
True
Let v(m) = 2*m**2 - m + 2 - 1 - 2*m. Let u be v(2). Is 83*((-4)/2 + u) prime?
True
Let g be 4/16 + 9/(-4). Let h(p) = -4*p**3 + p**2 + p - 1. Is h(g) a prime number?
False
Suppose 0 = -6*j + j + b + 6804, -5*j + 6803 = -2*b. Is j a composite number?
False
Let m(s) = s**3 - 4*s**2 + 4*s - 3. Let p be m(2). Let i = 24 - p. Suppose -2*l + 0*l = -5*h - 6, -3*l = -3*h - i. Is l a prime number?
True
Let j(k) = k**2 - k. Let v be j(1). Suppose -2*u = -v*u - 170. Is u a prime number?
False
Suppose -m + 20 = 5*y, 4*y - m - 16 = 3*m. Suppose -y*g + 96 = b, -2*g - 183 = -2*b - 7*g. Let u = 163 - b. Is u prime?
True
Let v = 10 + -7. Is (23*2)/(v - 1) composite?
False
Let p be 1261 - (-1 + -3 + 1). Suppose 6*k - p = k - 2*y, 2*k - 3*y - 517 = 0. Is k a composite number?
True
Let n be (18/(-4) - -3)*-2. Suppose -n*c + 42 = 3*j - 0*j, 3*c = j + 26. Is c prime?
False
Suppose j = 2*j - 267. Is j prime?
False
Suppose 109 = 4*l - 3*l. Is l a composite number?
False
Let b(j) = 38*j - 7. Suppose 48 = 4*a + 12. Is b(a) a prime number?
False
Let v(g) = 2 - 10*g - 3 + 2*g. Let z = 16 - 17. Is v(z) a prime number?
True
Let x(s) = -s - 12*s**3 - s**2 + s**2 - 2*s**2. Let y be x(-3). Suppose -2*j = j - y. Is j composite?
False
Suppose -205 = -l + 189. Is l a prime number?
False
Let x(g) = 14*g**3 + 7*g**2 - 2*g - 3. Is x(4) a composite number?
False
Let x(c) = -c. Let h be x(0). Suppose -t - 34 = -3*i, -i + 23 + h = 2*t. Let o = i - -52. Is o composite?
True
Let k = -98 + 186. Suppose n - k = -3*n. Is n composite?
True
Suppose -2*t - 3*y = -371, 3*y = 6*y - 9. Is t a composite number?
False
Suppose -2*k + 47 = 5*m, 7 - 1 = 2*m. Suppose -t - 2*r - r + k = 0, 2*t - 47 = -r. Is 4/(-10) + 235/t a prime number?
False
Is 2234/10 + (-16)/40 prime?
True
Suppose -4*c - 5*s + 2032 = 0, 5*s + 10 = 3*c - 1514. Suppose -m = -5*m + c. Is m a composite number?
False
Let y(h) = -h. Let m be y(-3). Suppose -m = -0*r - r. Suppose 5*g - r*g = 18. Is g a prime number?
False
Let r = 5 + -1. Suppose 17 = -2*h + 3*h - 4*u, -r*h - 5*u + 26 = 0. Is h composite?
True
Let z = -6 + 11. Suppose -t + z*y = -14, -5*y + 0*y - 8 = -2*t. Let v(m) = -m**2 - 9*m + 5. Is v(t) a composite number?
False
Let n(w) = -w**3 + 11*w**2 + 2*w + 9. Let o(s) = 2*s**3 - 22*s**2 - 5*s - 18. Let h(p) = 7*n(p) + 3*o(p). Let z be h(11). Is (445/20)/(z/(-8)) composite?
False
Suppose 11 = 2*s - 9. Suppose -3*p - s = 2*p. Is 23*(0 + (-2)/p) a composite number?
False
Suppose -2*m + 3*m - 12 = 0. Suppose 2*l - m + 0 = 0. Let n(v) = -v**2 + 8*v - 6. Is n(l) composite?
True
Let c(f) = -f**3 + 11*f**2 - 6*f. Let y be c(10). Suppose a + y = -3*a. Let n = a + 16. Is n a composite number?
True
Let l = 5794 - 3381. Is l prime?
False
Let h = -779 + -69. Suppose -2*p - y = 855, -2*p + 3*p = 5*y - 444. Let r = p - h. Is r prime?
True
Suppose -8 + 53 = 5*c. Suppose -2*p = -c - 41. Is p a prime number?
False
Let q be (1 - 19)*1/(-2). Suppose 0*b = 3*b - q. Suppose 2*n = -3*m + 39, 28 = 2*m + b*n - 3. Is m a prime number?
True
Let m(b) = b**2 - 2*b + 2. Let w be m(2). Suppose -z + 4*c + c = -140, 2*z - 313 = -c. Suppose 0 = 3*v + w*v - z. Is v a composite number?
False
Let l(g) = -g + 1. Let h be l(-3). Suppose -4*x + 16 = 0, -5*x + 3*x = -h*z + 12. Suppose z*k = -5*f + 225 + 110, -f = 2. Is k prime?
False
Let p be 22/8 - (-4)/16. Suppose 5*c - 2*r + 582 = 71, -2*c - p*r - 212 = 0. Let j = 150 + c. Is j a prime number?
True
Suppose 2329 = -5*u + 6054. Is u a prime number?
False
Let t = 316 + 825. Is t a prime number?
False
Let x(y) be the third derivative of -3*y**4/8 - 11*y**3/6 + 7*y**2. Is x(-6) composite?
False
Let d = 499 + 540. Is d a prime number?
True
Let l = 4 - 0. Let g be (l*-3)/(-3) + 0. Suppose -g*r + 74 = -2*r. Is r prime?
True
Suppose 0 = l - 3 + 2. Let c be (2 + (-10 - l))*-1. Is 3*(-1 + (c - 1)) a composite number?
True
Is (1 + 21)/(6/87) a composite number?
True
Let i = 24 + -25. Is (661 - -1)*i/(-2) a composite number?
False
Let h(x) = -x - 2. Let k(w) = 4*w + 2. Let j be k(-2). Let s be h(j). Is (-1 - -18) + (s - 2) prime?
True
Let t = 1480 + -81. Is t a composite number?
False
Suppose -81 = 5*g + 974. Let w = g - -422. Is w a prime number?
True
Let y(k) = -17*k - 7. Let w be y(-3). Let q = 79 - w. Is q a composite number?
True
Suppose 2*p = -71 + 9237. Is p a prime number?
True
Let k = 6 - 2. Let d(m) = -3 + 9*m + 27*m + 8. Is d(k) composite?
False
Suppose -t - 164 = -5*t. Suppose t = 5*z - 64. Suppose 0*r - r + z = 0. Is r a composite number?
True
Suppose 4*y = -8 - 16. Is (4/y)/(6/(-495)) a composite number?
True
Let a(c) = -6 + 57*c - 16*c + 2. Is a(3) composite?
True
Let a(h) = 20*h + 9. Let u(g) = -g - 1. Let f(y) = -a(y) - 6*u(y). Suppose 2 - 1 = -n, 5*n + 25 = -4*s. Is f(s) a prime number?
True
Let d(p) = 2*p**2 - 16*p + 41. Is d(-22) a composite number?
False
Suppose 17*j = 16*j + 6863. Is j a prime number?
True
Suppose 0 = -3*u - 2*r + 4311, 2*u - 4*r = 3711 - 837. Is u prime?
False
Suppose 2*n + 18 - 2 = 0. Let z(t) = -t**2 - 12*t + 7. Is z(n) prime?
False
Let r be (1 + 1)/((-4)/(-2)). Let x(c) = 10*c - 1. Let p be x(r). Suppose -p = -f + q + 61, -q = 5*f - 320. Is f prime?
False
Let j(n) = n**3 - 2*n**2 - 7*n - 3. Let t be j(6). Let p(a) = -a + 17. Let x be p(3). Suppose -x = w - t. Is w composite?
True
Suppose 85 = x - 0*x. Suppose -3*r + x = -4*w, 4*w = r - 13 - 2. Is r composite?
True
Suppose 0*h = -2*y - 4*h + 162, 0 = 4*y - 3*h - 346. Is y prime?
False
Suppose 4*i - 4*y - 15445 = i, 0 = -2*i + 2*y + 10300. Is i a composite number?
True
Suppose 3*x + 2*x = -o + 28, -3*o - 11 = -4*x. Suppose -5*z = 2*u - 2327, x*u + 0*u = 4*z - 1888. Is z prime?
True
Let k = 863 - 596. Is k a prime number?
False
Let w = 17 + -16. Is w/((-4)/(-780)*3) a 